.
-6
Let u(g) be the first derivative of -g**3/3 - 2*g**2 - g + 10. Give u(-4).
-1
Let m(p) = p - 7. Let i be m(5). Let n(u) be the first derivative of u**4/12 - u**3/6 - 2*u**2 - 4. Let v(g) be the second derivative of n(g). Determine v(i).
-5
Suppose 0*o + 4*o + 4 = 0. Let u(y) = -2*y**2 - 2*y - 1. What is u(o)?
-1
Suppose 16*f - 21*f + 10 = 0. Let m(v) = -v**3 + 2*v**2 + v - 1. What is m(f)?
1
Let v(l) = 5*l + 10. Let r(f) = -4*f - 10. Let k(s) = -6*r(s) - 5*v(s). Calculate k(0).
10
Suppose -q - 2*q + 8 = 5*t, q - 5 = -4*t. Let l(z) = 5*z**2 - z + 1. Calculate l(t).
5
Suppose 0 = -k + 3 - 2. Let n(o) be the third derivative of 0*o + 0*o**3 - 1/24*o**4 + 2*o**2 + 0 - 7/60*o**5. Determine n(k).
-8
Let q(g) be the second derivative of -1/4*g**4 - 2*g + 1/2*g**2 + 0 + 0*g**3. Determine q(2).
-11
Let w(t) = -5 + 4*t - 9*t + t + t - 4*t**2 - t**3. Calculate w(-4).
7
Let t = -2 - -7. Let j(p) = -p**2 - 2*p + 8 - 9 + t. Determine j(-4).
-4
Let u = 8 + -6. Let o(k) = 0*k + 3*k + 2 - 6*k - 3. Calculate o(u).
-7
Let s be (-33)/(-7) - 4/(-14). Suppose -5*u = -0*u. Suppose u*y = s*y. Let t(j) = j**3 + j**2 - j + 1. Calculate t(y).
1
Let p(z) = -4*z - 12*z + 18*z - 3*z**2 - z**3 + 1 + z**2. Give p(-3).
4
Let c(z) = z**3 + 9*z**2 - 11*z + 5. Let n(q) = -2*q**3 - 17*q**2 + 21*q - 9. Let u(b) = 11*c(b) + 6*n(b). Calculate u(-4).
-3
Let u(q) be the second derivative of 1/6*q**3 + 3/10*q**5 + 0 + 1/12*q**4 - 2*q + 1/2*q**2. Calculate u(-1).
-5
Let w(z) = -z**2 - 9*z + 13. Suppose -5*u = 0, -u + 9 = -t - 3*u. Calculate w(t).
13
Let o be (-17)/(-5) + 2/(-5). Let s(i) = i - 3 + 3 - 1 - 2*i**o. Suppose 1 = -2*z + 3*z. Determine s(z).
-2
Let f be (-4)/(-7) - 2044/3920. Let i(n) be the second derivative of n**2 - 1/6*n**3 + 0 - f*n**5 - 1/4*n**4 - n. What is i(-3)?
5
Suppose -5*h + 0 = -20. Let v(u) = u**2 - 6*u + 6. Calculate v(h).
-2
Let w(j) = j**2 - 5*j + 4. Let h be -2 + (1 + 2 - 1). Suppose 4*k + 4 = -h, -5*u - k + 14 = 0. Calculate w(u).
-2
Let f be 10/35 + 66/14. Suppose -4*c - 13 = 3*q, -f*q - 5*c = 8 + 12. Let v(p) = -p - 3. Calculate v(q).
0
Let s = 1 - -2. Let w = 4 - s. Let k(r) = 8*r + 1. Give k(w).
9
Let c(f) = -f**3 - 2*f**2 + 5*f + 3. Suppose 2*y = 3*s - 7, 6*y - 2*y = 2*s - 2. Let m be 1 - y - (6 - 3). Calculate c(m).
-3
Let j(b) = b + 20. Let l be j(-13). Let m(i) = -2*i**2 - 3*i**2 - i + 4*i**2 + 10 + l*i. Calculate m(7).
3
Let v(n) = 3 - 3 - 2 + n. Give v(2).
0
Let y(h) = 3*h**2 - 6*h - 7. Let i(w) = -5*w**2 + 13*w + 13. Let z(m) = -4*i(m) - 7*y(m). Give z(-9).
6
Suppose 2*z = -1 - 3. Let v = z + 5. Let u(f) = f + 0*f**3 + 2*f + 5*f**2 + 3*f**v - 4 - 2*f**3. Calculate u(-3).
5
Let y(r) = r**3 + 4*r**2 - 5*r - 1. Let c(b) = b + 13. Let u be c(-9). Suppose u*g = 4 - 24. Give y(g).
-1
Let l(a) be the first derivative of -4*a**3/3 - 9*a**2/2 - 7*a + 2. Let d(i) = 5*i**2 + 10*i + 8. Suppose -29 = -4*g - 5. Let b(v) = g*l(v) + 5*d(v). Give b(4).
-2
Let h be 236/(-16) - 2/8. Let m(n) = -5*n. Let j(s) = s. Let l(z) = h*j(z) - m(z). Calculate l(1).
-10
Let t(k) = -3*k**2 - 30*k - 22. Let h(w) = -w**2 - 10*w - 7. Let u(s) = -11*h(s) + 4*t(s). Determine u(-8).
5
Let z(m) be the first derivative of m**4/4 + m**3 + 2*m**2 + 3*m - 14. What is z(-2)?
-1
Let a(n) = -7*n**3 - 2*n**2 + 3*n - 4. Let q(d) = -8*d**3 - 3*d**2 + 4*d - 5. Let i(v) = -4*a(v) + 3*q(v). Determine i(-1).
-4
Let v(k) = k**3 + 2*k - 1. Let y be v(1). Let g(u) = 11*u**2 - u - 1. Let t(z) = -2 + 6 - 3 - 6*z**2. Let s(f) = 3*g(f) + 5*t(f). Determine s(y).
8
Suppose a - 3 = -0. Suppose a*b = -0*b. Let z(x) = -x**2 + 12. Let f(r) = -2*r**2 + 23. Let n(c) = 6*f(c) - 11*z(c). Calculate n(b).
6
Suppose -2*g - 3*g - 15 = 0. Let h = g - -4. Let n(m) = -m**2 - m. Calculate n(h).
-2
Suppose 0 = -0*u - u - 3. Let x be -1 - u/(9/(-3)). Let y(l) = l + 2. Calculate y(x).
0
Let s(g) = -9*g**2 + g + 6. Let c(p) = 9*p**2 - p - 5. Let j(v) = 5*c(v) + 4*s(v). Calculate j(-1).
9
Let s(r) be the third derivative of -r**5/60 + 5*r**4/12 + 26*r**2. What is s(8)?
16
Let w(z) = 24*z + 16. Let t(m) = 7*m + 2 + 2*m - 4*m + 1. Let f(b) = -16*t(b) + 3*w(b). Determine f(-1).
8
Let n(c) be the third derivative of 0 + 2*c**2 + 0*c + 1/8*c**4 + 1/2*c**3. Let x be 7/(-3) - 1/(-3). Calculate n(x).
-3
Suppose 5*v - 28 = -8. Suppose o - 2*h - 2*h = 0, -v*h = 4. Let x(y) = -y + 4. Determine x(o).
8
Let u be (-5)/((-6)/3 - -1). Let y = u - 5. Let n(m) = 2*m**2 + 0*m**2 - 3*m**2 - 7. Give n(y).
-7
Let f(i) = i - 5*i - 3*i. What is f(1)?
-7
Let l be (0 + -2)/(-1) - -1. Let n(p) = -2*p**2 - 2*p**2 - 4*p + 3 - 6 - 2*p**l. Let k be 1*12/(-8)*12/9. Give n(k).
5
Let q = 56 + -55. Suppose -r + 2 = -0. Let s(w) = 2*w - r*w - 3*w. What is s(q)?
-3
Suppose 0 = 3*x - 23 - 7. Suppose 0 = -x*n + 5*n + 10. Suppose -n*k - 3*k = 0. Let v(l) = l**2 - 8. Calculate v(k).
-8
Let j(f) = -f + 4. Let r be (-1 - 4)*3/3. Let y(m) = 4. Let u(c) = r*j(c) + 4*y(c). What is u(3)?
11
Suppose l = 1 - 0. Let z(x) = -7*x**3 - x**2 - x + 1. Calculate z(l).
-8
Let z = 47 - 47. Let w(b) = -b**2 + 8*b - 6. Let k be w(6). Let d(p) = 6*p - 3*p - 2*p + k. What is d(z)?
6
Let o = 7 - 5. Let k(q) = -1 - 3 + 4*q + o*q + 3. Determine k(1).
5
Let l(f) = -f**2 - f - 1. Let i(m) = m. Let g(h) = -2*i(h) - l(h). Let q(x) be the first derivative of g(x). Calculate q(-1).
-3
Suppose 3*a - 2*a = 0. Let h(m) = -7*m**3 - m - 2. Let n(p) = -6*p**3 - p - 3. Let u(d) = -5*h(d) + 6*n(d). What is u(a)?
-8
Let x be (4/(-6))/(2/(-6)). Let o be (-3)/(-6)*x + -6. Let i(t) = t**3 + 4*t**2 - 2*t + 6. Give i(o).
-9
Let w(i) = -8*i + 2. Let k(j) = -j + 1. Let v(f) = 4*k(f) - w(f). Determine v(-3).
-10
Let n be (5/3)/(3/9). Let m(j) = j**3 - 5*j**2 + 3*j - 6. Give m(n).
9
Let s(i) = 3 + 3*i**3 - 3*i**2 + 2*i**3 + 2*i - 6*i**3. Let c be (1 - -1) + 1 + 0. Suppose 0*v = -v - c. Calculate s(v).
-3
Let f(r) = 0*r - 9*r**2 + r + 6*r**2 + 10*r**2. Calculate f(-1).
6
Let y = -2 - -6. Let o(m) = -y*m - 3*m - 5*m**2 + m + m**3 + 6. Calculate o(6).
6
Let k = 1 + 6. Let x(w) = -w**3 + 8*w**2 - 6*w - 7. Give x(k).
0
Let u be 46/14 + 4/(-14). Let r(w) = -1 - u - w - 4. Suppose -2*x - 3 - 7 = 0. What is r(x)?
-3
Let s(b) be the third derivative of b**6/120 + b**5/12 - b**4/6 + 22*b**2. Calculate s(-6).
-12
Let m(s) = -s**3 - 5*s**2 + 5*s - 5. Let h = -15 + 9. Let d(f) = -f**2 - 5*f. Let i be d(h). Determine m(i).
1
Let t be (-5 - -1 - -2)*-10. Let k = t + -15. Let w(b) = -b + 6. Determine w(k).
1
Let w(f) = -3*f + 3. Let u(c) = -16*c + 14. Let z(j) = -2*u(j) + 11*w(j). Let r be z(5). Let g(v) = -3*v**2 + 1 + 5*v**2 + r*v**2. Calculate g(2).
9
Let u(p) = -1 + p + 4 - 2*p**3 - 4 + 3*p**3. What is u(0)?
-1
Let x(r) = r + 1. Let h(g) = -g**2 + 8*g + 4. Let b(n) = 3*n**2 - 24*n - 12. Let s(y) = 2*b(y) + 7*h(y). Let d be s(8). What is x(d)?
5
Let c(p) = 6*p**2 + 5*p + 6. Let z(w) = -5*w**2 - 4*w - 7. Let u(a) = -4*c(a) - 5*z(a). What is u(0)?
11
Let q(x) = x + 10. Let p be q(-8). Let h(f) = f**2 - 4*f. Let l(a) = 5*a - 1. Let s(r) = -3*h(r) - 2*l(r). Give s(p).
-6
Suppose 18*l = 9*l. Let p(n) = -n + 15. Give p(l).
15
Let a be (20/2)/2 + -1. Let o(z) = a*z - z - z. What is o(-3)?
-6
Let y(u) = -4*u**3 - u**2 + 2*u - 4. Let w(h) = -11*h**3 - 2*h**2 + 6*h - 12. Let r(l) = 3*w(l) - 8*y(l). What is r(3)?
-7
Let d(w) = -2*w**3 - 4*w + 3 + 3*w**3 + 0*w**2 - w**2 + 0*w**2. Let v = 4 + -6. Let s be 1 - 4/v - 1. Calculate d(s).
-1
Let p(a) be the first derivative of -a**2/2 + 9. What is p(-3)?
3
Let y(a) = 0*a + a - 8 - 7 - 1. Determine y(9).
-7
Let t(d) = 7*d + 1. Let v be (6/(-4))/(6/(-4)). Give t(v).
8
Let f(a) = -2*a**2 - 2*a + 3. Let m(v) = 6*v**2 + 5*v - 9. Let s(z) = -11*f(z) - 4*m(z). Calculate s(3).
-9
Let r(o) = o - 24. Let d be r(28). Let x(i) = -i**3 + 5*i**2 - i - 5. Calculate x(d).
7
Let t(f) = 0*f**3 + 7 - 8*f**2 - f**3 - 118*f + 112*f. Determine t(-7).
0
Let n(a) = 1 - 2 + 3 - 3*a. Let h be n(2). Let c(o) = -o**3 - 4*o**2 - 2*o - 4. Determine c(h).
4
Let i(a) = 7*a**3 + 11*a**2 - a + 7. Let u(w) = 3*w**3 + 5*w**2 + 3. Let l(j) = j + 10. Let n be l(-5). Let y(b) = n*u(b) - 2*i(b). Calculate y(-1).
1
Let d(i) be the second derivative of i**3/6 + i**2 + i. Let s = -2 - 4. What is d(s)?
-4
Suppose 0 = -3*i + k + 15 - 1, 2*k = i - 3. Let f(h) = 2*h + 4. Determine f(i).
14
Let l(o) = 4*o - 6. Let j = 8 - 1. Let b 